5 - -130. Suppose q = 10*p - 9*p. Suppose -188 = -o + p. What is the units digit of o?
3
Suppose 0 = -137*o + 198*o - 1053165. What is the thousands digit of o?
7
What is the hundreds digit of (-58275)/(-189) + (-6)/(-9) + 0?
3
Suppose 5*r + 5*m - 454650 = 0, 0 = -529*r + 524*r - m + 454618. What is the tens digit of r?
2
Let s(d) = 10*d + 23. Let p(u) = -13*u - 20. Let v(b) = 3*p(b) + 4*s(b). Let z(h) = 2*h**2 - h + 1. Let o be z(3). What is the tens digit of v(o)?
4
Let q be 1/(1/2) - (2 - 15). Let l(g) = g**2 - 15*g + 2. Let n be l(q). What is the units digit of n/6 - 7808/(-48)?
3
Suppose -3*v = h - 29078, -2*v = -44 + 32. What is the tens digit of h?
6
Suppose 3*i - 12*u - 32 = -16*u, 0 = i + 5*u - 29. Suppose 3*t - 2497 = -5*o + 7*o, -5*t = -i*o - 4165. What is the units digit of t?
9
Let n be (-1)/(-2) - (-1842)/12. Let o = n + -133. What is the units digit of (91/3)/(7/o)?
1
Let r = 1221 + -369. Suppose -243*q + 249*q - r = 0. What is the units digit of q?
2
Let n be -1 - (2 - -1)*14/(-6). Suppose -n = -9*m + 6*m. Suppose -m*z + 1 = -13. What is the units digit of z?
7
Suppose 12 = 4*w + 2*x, x = -4*x. What is the units digit of (792 - (w + -4)) + 5/5?
4
What is the ten thousands digit of (6/(-1) - (-15 - -5))*7364?
2
Let r = 7144 - 2423. What is the thousands digit of r?
4
Let k(y) = -3*y - 9. Let d = 54 + -63. Let c be k(d). What is the tens digit of -1 + 1 + c/6 + 41?
4
Suppose -56*y + 815213 = -1950250 + 952799. What is the tens digit of y?
6
Let d = 89 - 95. What is the units digit of (6/(-5))/((-7)/(-3640)*d)?
4
Suppose -107*g + 690970 = -238984 - 1435923. What is the hundreds digit of g?
1
Let l(q) = -q**3 - 53*q**2 + 1311*q + 24. What is the units digit of l(-72)?
8
Suppose -26*x + 12*x = 39312 - 332444. What is the ten thousands digit of x?
2
Let k be 102/85*(-10)/(-2). Let o(x) be the first derivative of 19*x**2 - 56*x - 3. What is the tens digit of o(k)?
7
Let u = 195956 - 113057. What is the units digit of u?
9
Let h(i) = 99*i**2 + 33*i + 503. What is the thousands digit of h(-13)?
6
Suppose -2*n + 57 = -3*a, -3*a - 93 = -6*n + 3*n. Suppose 4*b - 2*b = -3*s + 46, -2*s = 4*b - n. Suppose -16*i + s*i + 370 = 0. What is the units digit of i?
5
Let s be (-5)/((-20)/(-288))*(0 - -1). Let g be 6*(-6)/s + (-5)/2. What is the units digit of g + 0 - (-197 + -11)?
6
Let i = 16 + -14. Let v(c) = -36 + 24*c**2 + 24 - 4*c**i. What is the tens digit of v(3)?
6
Let z(p) = -p - 47. Let v be z(-14). Let m = -29 - v. What is the tens digit of 738/m - (-5 - 9/(-2))?
8
Let q = -90 - -100. Suppose 4*z + 222 = q*z. What is the tens digit of z?
3
Let f(o) be the second derivative of -41*o**3/6 + 5*o**2/2 + 96*o. Let t(g) = g**3 + 4*g**2 + 2*g + 6. Let z be t(-4). What is the tens digit of f(z)?
8
Suppose 43747*q = 43776*q - 1465515. What is the hundreds digit of q?
5
Suppose -4*d - 2*w = -73874 - 54026, -159902 = -5*d + 2*w. What is the ten thousands digit of d?
3
Let t be 8/(-32) + 0 + 167/(-4). Let j(c) = -c**2 - 55*c + 31. What is the units digit of j(t)?
7
Suppose 2*o - 12 = -r, -o = r - 0*o - 8. Suppose 3*q - 616 = -4*f - 0*q, -r*f + 5*q + 616 = 0. What is the tens digit of f?
5
Suppose -3*k - 3 = 0, -3*x - k = -60 - 134. Suppose 0 = x*c - 50*c - 9405. What is the hundreds digit of c?
6
Let k(o) = -2791*o + 1564. What is the ten thousands digit of k(-10)?
2
Let n(s) = 674*s + 15. Let a be n(2). Suppose -3*i - 2*g = -1379, -7*i + a = -4*i - 2*g. What is the tens digit of i?
5
Let y = -25 + 25. Let p be 7 - 5 - (y + -433). Suppose p = 5*u - 5*c, 30 = 4*u + 3*c - 325. What is the tens digit of u?
8
Let z = 38181 + -15278. What is the hundreds digit of z?
9
Suppose -o + 69 = 4*z, -4*z + 75 = -3*o + 2*o. Let v be (852/z + -4)*(-12)/(-10). Suppose w + v = 298. What is the hundreds digit of w?
2
Let o(s) = s**2 - 12*s - 3. Let h be o(12). Let w be 0 - 8/12*h. Suppose 4*f - w*f - 230 = 0. What is the units digit of f?
5
Let f(w) be the first derivative of 11*w**4/4 + 4*w**3/3 + 5*w**2/2 - w - 68. What is the hundreds digit of f(3)?
3
Let q(d) = -d**3 - 7*d**2 + 3. Let r be q(-7). Suppose x - 21 + r = 0. Let m(c) = -c**3 + 18*c**2 + 2*c - 19. What is the tens digit of m(x)?
1
Let m(a) = 28*a - 3. Let g be m(1). Suppose g*b = 7*b + 14598. What is the hundreds digit of b?
8
Let a(c) = -3*c**3 + c**2 + 3*c + 11. Let v(r) = 2*r**2 - 17*r - 13. Let b be v(9). What is the tens digit of a(b)?
0
Let y(w) = 23*w**2 + 7*w - 14. Let o be y(8). Let l = 2394 - o. What is the hundreds digit of l?
8
Suppose -3*m - 2*p + 511 = -374, -m = -4*p - 309. Let w be (-2)/(-8) + (-671)/(-4). Let y = m - w. What is the tens digit of y?
2
Let o = 6810 - -6109. What is the hundreds digit of o?
9
What is the tens digit of (7/(14/(-60)))/((-1137)/614359)?
1
Suppose -3*k = -3*h + 21, 1 = h + 3*k - 6. Suppose h*v - 250 - 534 = 0. Let m = -25 + v. What is the units digit of m?
7
Let y = -2827 - -10469. What is the hundreds digit of y?
6
Let o(t) be the second derivative of t**5/10 - t**4/12 - t**2 + 23*t + 3. What is the tens digit of o(6)?
9
What is the hundreds digit of (5967/(-585))/((-6)/3790)?
4
Let x = 90183 + -30466. What is the ten thousands digit of x?
5
Let n be 2/4*(-28)/(-3 + -4). Suppose -2*g = 4*v - 0*g - 1144, n*g - 576 = -2*v. What is the units digit of (-12)/16 - v/16*-5?
8
Suppose -17*c + 20*c + 42 = 0. Let v = 176 - c. What is the tens digit of v?
9
Suppose 2*f = -12, 3531 = 162*d - 161*d - 4*f. What is the units digit of d?
7
Suppose -s - 10 = -3*s. Suppose 552 + 252 = 4*c + s*m, -2*c + 4*m + 376 = 0. What is the units digit of c?
6
Suppose -319 - 49 = 5*j - 2*y, 0 = 2*j - 5*y + 143. Let a = -35 + 203. Let w = a + j. What is the units digit of w?
4
Suppose 5*t = 18*t - 13. Let o be -1 + 6 - 3/t - -501. Suppose -5*w + o = -507. What is the hundreds digit of w?
2
Let v be ((-231)/30 - (-2)/10)*156/(-390). Let s(q) = 10*q**3 - 9*q. Let f(o) = o**3 - o. Let g(y) = -24*f(y) + 3*s(y). What is the hundreds digit of g(v)?
1
Let b(k) = -83*k**3 - k**2 - k - 3. Let t(l) = -83*l**3 - l**2 - 3. Let s(p) = 4*b(p) - 5*t(p). What is the tens digit of s(1)?
8
Let z be -5 + 12/8*(-2)/(-3). Suppose m - 5*m + c + 7 = 0, 3*m + 5*c - 34 = 0. What is the tens digit of 4/(-8)*z - (-146 + m)?
4
Let s(l) = -l**3 - 6*l**2 + 17*l - 154. What is the units digit of s(-28)?
8
Suppose -2*d - 3*z + 28026 = 0, -z + 1 = -1. Suppose -d = 35*p - 50*p. What is the units digit of p?
4
Suppose 314*w = 315*w. Suppose -4*u + 3*s + 2852 - 211 = w, -3*s + 2623 = 4*u. What is the hundreds digit of u?
6
Let l = 1178 - -38644. What is the ten thousands digit of l?
3
Suppose -2*v + 15 = 3*k, -5*v + k + 3*k = 20. Suppose -5*h + 262 = -4*b, 3*h + v*h + 3*b - 168 = 0. What is the tens digit of h?
5
Suppose 0 = 2*u + 2*v - 14, 8*u - 3*v = 6*u + 4. Suppose -5*j = 2*j - 3640. Suppose u*f - 550 = -3*r, -5*f - r = -4*r - j. What is the tens digit of f?
0
Suppose 24*c = 30*c - 60. Suppose c*w - 790 - 1420 = 0. What is the units digit of w?
1
Let m be 16*569 - (-21 - -15). Suppose m - 80 = 7*b. What is the thousands digit of b?
1
Let w = -41 + 2. Let l = 39 + w. Suppose l = -v - v + 34. What is the tens digit of v?
1
Let i(w) = -w**3 - w**2 - 38*w + 6787. What is the tens digit of i(0)?
8
Let k(n) = 28*n - 2. Let q be k(9). Suppose -3*l - 2*j + 695 = -q, -4*l + 5*j = -1237. What is the hundreds digit of l?
3
Let o = 15 - 8. Let w(j) = 5*j**2 + 19*j + 13. Let h(c) = 4*c**2 + 16*c + 12. Let k(d) = -6*h(d) + 5*w(d). What is the tens digit of k(o)?
3
Let i(x) = x**3 - 27*x**2 - 107*x + 43. Let m be i(30). Let h = m - -2374. What is the tens digit of h?
0
Suppose -71*b + y = -73*b + 45262, -67898 = -3*b - 4*y. What is the thousands digit of b?
2
Suppose 18*v - 2*i = 13*v + 117, 4*v - 90 = -2*i. What is the tens digit of ((-4)/6)/(v/(-47196))?
6
Suppose 11*p + 2 = 68. Suppose -29 = -p*a + 199. Let y = 108 - a. What is the tens digit of y?
7
Suppose 3*k - 7 + 1456 = 0. What is the units digit of k/((1/(-2))/(5/10))?
3
Let i = -69 - -72. Suppose -648 = -i*a + 1488. What is the units digit of a?
2
Let s be (-204)/(-18) + (-1)/3. Let w = -8 + s. Suppose 3*x - 144 = -4*t, -5*x = w*t - 2*t - 36. What is the units digit of t?
6
Let f(p) = -14*p**2 - 84*p + 2. Let g be f(-6). Suppose 0*o = 4*u - 2*o - 58, -o = u - 22. Let l = u